
2, 49331
What are the prime factors of 4928?
2, 7, 11
What are the prime factors of 115348?
2, 28837
List the prime factors of 1725.
3, 5, 23
List the prime factors of 4286.
2, 2143
What are the prime factors of 138?
2, 3, 23
What are the prime factors of 31049?
61, 509
List the prime factors of 200.
2, 5
What are the prime factors of 46017?
3, 5113
List the prime factors of 741.
3, 13, 19
List the prime factors of 10945.
5, 11, 199
What are the prime factors of 1503?
3, 167
List the prime factors of 294.
2, 3, 7
List the prime factors of 20399.
20399
What are the prime factors of 12?
2, 3
What are the prime factors of 73845?
3, 5, 547
List the prime factors of 6275.
5, 251
List the prime factors of 52.
2, 13
List the prime factors of 1133.
11, 103
List the prime factors of 726.
2, 3, 11
List the prime factors of 3703.
7, 23
What are the prime factors of 28471?
71, 401
List the prime factors of 3868.
2, 967
What are the prime factors of 93242?
2, 23, 2027
List the prime factors of 42044.
2, 23, 457
List the prime factors of 338.
2, 13
List the prime factors of 24790.
2, 5, 37, 67
List the prime factors of 274.
2, 137
List the prime factors of 5561.
67, 83
List the prime factors of 46068.
2, 3, 11, 349
What are the prime factors of 7473?
3, 47, 53
List the prime factors of 101.
101
List the prime factors of 17509.
17509
What are the prime factors of 5073?
3, 19, 89
List the prime factors of 6627.
3, 47
List the prime factors of 308.
2, 7, 11
List the prime factors of 3142.
2, 1571
List the prime factors of 90.
2, 3, 5
What are the prime factors of 2209?
47
List the prime factors of 131046.
2, 3, 21841
What are the prime factors of 1390?
2, 5, 139
List the prime factors of 6242.
2, 3121
What are the prime factors of 4513?
4513
List the prime factors of 380.
2, 5, 19
What are the prime factors of 219?
3, 73
What are the prime factors of 2765?
5, 7, 79
List the prime factors of 35454.
2, 3, 19, 311
List the prime factors of 23802.
2, 3, 3967
List the prime factors of 14258.
2, 7129
What are the prime factors of 790?
2, 5, 79
What are the prime factors of 23016?
2, 3, 7, 137
What are the prime factors of 1877?
1877
What are the prime factors of 14806?
2, 11, 673
What are the prime factors of 144?
2, 3
What are the prime factors of 11931?
3, 41, 97
List the prime factors of 80623.
37, 2179
List the prime factors of 77.
7, 11
What are the prime factors of 8496?
2, 3, 59
List the prime factors of 1550.
2, 5, 31
What are the prime factors of 1004?
2, 251
List the prime factors of 41322.
2, 3, 71, 97
What are the prime factors of 116325?
3, 5, 11, 47
List the prime factors of 28410.
2, 3, 5, 947
List the prime factors of 1098.
2, 3, 61
What are the prime factors of 35498?
2, 17749
What are the prime factors of 121629?
3, 40543
List the prime factors of 1620.
2, 3, 5
List the prime factors of 23039.
23039
List the prime factors of 23287.
11, 29, 73
List the prime factors of 9753.
3, 3251
What are the prime factors of 407?
11, 37
What are the prime factors of 521?
521
What are the prime factors of 1470?
2, 3, 5, 7
List the prime factors of 1772.
2, 443
What are the prime factors of 112503?
3, 37501
What are the prime factors of 3288?
2, 3, 137
List the prime factors of 86289.
3, 7, 587
List the prime factors of 4504.
2, 563
What are the prime factors of 4538?
2, 2269
List the prime factors of 540.
2, 3, 5
List the prime factors of 2646.
2, 3, 7
List the prime factors of 73.
73
List the prime factors of 6426.
2, 3, 7, 17
What are the prime factors of 8431?
8431
What are the prime factors of 5234?
2, 2617
List the prime factors of 488.
2, 61
What are the prime factors of 871?
13, 67
List the prime factors of 96377.
96377
List the prime factors of 323.
17, 19
List the prime factors of 2649.
3, 883
What are the prime factors of 400?
2, 5
What are the prime factors of 3742?
2, 1871
List the prime factors of 26340.
2, 3, 5, 439
What are the prime factors of 4853?
23, 211
What are the prime factors of 50862?
2, 3, 7, 173
List the prime factors of 8846.
2, 4423
What are the prime factors of 2780?
2, 5, 139
What are the prime factors of 3727?
3727
What are the prime factors of 214?
2, 107
List the prime factors of 1062.
2, 3, 59
List the prime factors of 9061.
13, 17, 41
List the prime factors of 25193.
7, 59, 61
What are the prime factors of 967?
967
List the prime factors of 6733.
6733
What are the prime factors of 2160?
2, 3, 5
What are the prime factors of 122?
2, 61
What are the prime factors of 60284?
2, 7, 2153
List the prime factors of 4479.
3, 1493
What are the prime factors of 17146?
2, 8573
List the prime factors of 994.
2, 7, 71
List the prime factors of 771.
3, 257
List the prime factors of 732.
2, 3, 61
List the prime factors of 18198.
2, 3, 337
List the prime factors of 42966.
2, 3, 7, 11, 31
What are the prime factors of 19107?
3, 11, 193
What are the prime factors of 5220?
2, 3, 5, 29
What are the prime factors of 1334?
2, 23, 29
List the prime factors of 2761.
11, 251
List the prime factors of 2577.
3, 859
List the prime factors of 28913.
29, 997
What are the prime factors of 69386?
2, 34693
What are the prime factors of 1581?
3, 17, 31
What are the prime factors of 2191?
7, 313
What are the prime factors of 862?
2, 431
List the prime factors of 1791.
3, 199
What are the prime factors of 1655?
5, 331
List the prime factors of 12626.
2, 59, 107
List the prime factors of 868.
2, 7, 31
List the prime factors of 4028.
2, 19, 53
What are the prime factors of 753?
3, 251
What are the prime factors of 67213?
67213
List the prime factors of 2217.
3, 739
What are the prime factors of 6358?
2, 11, 17
What are the prime factors of 23153?
13, 137
What are the prime factors of 4714?
2, 2357
List the prime factors of 21996.
2, 3, 13, 47
What are the prime factors of 67956?
2, 3, 7, 809
List the prime factors of 37535.
5, 7507
List the prime factors of 1101.
3, 367
List the prime factors of 812.
2, 7, 29
What are the prime factors of 26326?
2, 13163
What are the prime factors of 11233?
47, 239
What are the prime factors of 4557?
3, 7, 31
List the prime factors of 1795.
5, 359
What are the prime factors of 70429?
70429
What are the prime factors of 690?
2, 3, 5, 23
What are the prime factors of 773?
773
What are the prime factors of 20879?
20879
What are the prime factors of 62872?
2, 29, 271
List the prime factors of 40341.
3, 7, 17, 113
What are the prime factors of 7669?
7669
What are the prime factors of 25949?
7, 11, 337
What are the prime factors of 11440?
2, 5, 11, 13
List the prime factors of 2915.
5, 11, 53
List the prime factors of 21326.
2, 10663
What are the prime factors of 9207?
3, 11, 31
List the prime factors of 29745.
3, 5, 661
What are the prime factors of 2179?
2179
What are the prime factors of 26032?
2, 1627
What are the prime factors of 8251?
37, 223
What are the prime factors of 179?
179
List the prime factors of 13307.
7, 1901
What are the prime factors of 1101?
3, 367
List the prime factors of 811.
811
What are the prime factors of 43321?
43321
List the prime factors of 19689.
3, 6563
What are the prime factors of 847?
7, 11
What are the prime factors of 2184?
2, 3, 7, 13
What are the prime factors of 4625?
5, 37
What are the prime factors of 1460?
2, 5, 73
List the prime factors of 18153.
3, 2017
List the prime factors of 305.
5, 61
What are the prime factors of 4875?
3, 5, 13
What are the prime factors of 19187?
7, 2741
What are the prime factors of 28959?
3, 7, 197
What are the prime factors of 5975?
5, 239
What are the prime factors of 45344?
2, 13, 109
List the prime factors of 72643.
72643
What are the prime factors of 19946?
2, 9973
List the prime factors of 1832.
2, 229
What are the prime factors of 8243?
8243
What are the prime factors of 2672?
2, 167
List the prime factors of 23114.
2, 7, 13, 127
List the prime factors of 3451.
7, 17, 29
List the prime factors of 63559.
63559
List the prime factors of 83116.
2, 11, 1889
What are the prime factors of 9841?
13, 757
What are the prime factors of 4415?
5, 883
What are the prime factors of 744?
2, 3, 31
What are the prime factors of 24074?
2, 12037
List the prime factors of 5293.
67, 79
What are the prime factors of 661?
661
What are the prime factors of 1950?
2, 3, 5, 13
What